7
List the prime factors of 3517686555.
3, 5, 4937, 47501
What are the prime factors of 2813592658?
2, 1406796329
What are the prime factors of 345055276?
2, 19, 4540201
What are the prime factors of 327465609?
3, 193, 565571
What are the prime factors of 9512734?
2, 7, 11, 223, 277
What are the prime factors of 165796715?
5, 7, 71, 137, 487
What are the prime factors of 12051720?
2, 3, 5, 11159
What are the prime factors of 23662701?
3, 109, 24121
List the prime factors of 73522202.
2, 13, 61, 151, 307
What are the prime factors of 1147476136?
2, 109, 139, 9467
What are the prime factors of 1868151100?
2, 5, 1103, 16937
What are the prime factors of 429745865?
5, 85949173
List the prime factors of 295408753.
43, 293, 23447
What are the prime factors of 1587852996?
2, 3, 971, 136273
List the prime factors of 440741682.
2, 3, 59, 138337
What are the prime factors of 1527654289?
7, 17, 755143
What are the prime factors of 819842940?
2, 3, 5, 7, 650669
List the prime factors of 1253795073.
3, 417931691
What are the prime factors of 391636149?
3, 1709, 76387
List the prime factors of 20165175.
3, 5, 19, 53, 89
What are the prime factors of 603482429?
11, 54862039
What are the prime factors of 458965211?
458965211
What are the prime factors of 643062947?
643062947
List the prime factors of 3421381611.
3, 1140460537
What are the prime factors of 219053233?
7, 31293319
List the prime factors of 180825542.
2, 31, 1459, 1999
What are the prime factors of 4989246304?
2, 7, 29, 768049
List the prime factors of 1162081505.
5, 13, 1949, 9173
List the prime factors of 386100039.
3, 13, 17, 449, 1297
List the prime factors of 174254262.
2, 3, 7, 13, 319147
What are the prime factors of 358159805?
5, 41, 1747121
What are the prime factors of 113915793?
3, 17, 31, 72053
List the prime factors of 1948845374.
2, 7, 41, 211, 16091
What are the prime factors of 187403446?
2, 37, 2532479
List the prime factors of 35627990.
2, 5, 31, 281, 409
What are the prime factors of 72351384?
2, 3, 7, 430663
List the prime factors of 57480421.
2539, 22639
List the prime factors of 483354132.
2, 3, 17, 2369383
List the prime factors of 4195253392.
2, 11, 503, 47389
What are the prime factors of 662117574?
2, 3, 110352929
What are the prime factors of 19960119?
3, 89, 24919
What are the prime factors of 6197189?
23, 73, 3691
What are the prime factors of 2008288004?
2, 31, 47, 509, 677
List the prime factors of 15770951.
7, 17, 132529
List the prime factors of 1326650058.
2, 3, 113, 652237
List the prime factors of 2341583414.
2, 89, 13154963
List the prime factors of 16158334.
2, 197, 41011
List the prime factors of 2313493158.
2, 3, 385582193
What are the prime factors of 530595919?
7, 19, 29, 137567
What are the prime factors of 521670773?
13, 827, 48523
What are the prime factors of 101550540?
2, 3, 5, 7, 13, 2657
What are the prime factors of 805785986?
2, 227, 1774859
List the prime factors of 4876016327.
7, 13, 53582597
List the prime factors of 93396915.
3, 5, 691829
What are the prime factors of 49244891?
37, 1330943
What are the prime factors of 3735132233?
7, 19, 5171, 5431
List the prime factors of 17672311.
2819, 6269
What are the prime factors of 2595989186?
2, 7, 1499, 123701
What are the prime factors of 7419992?
2, 491, 1889
What are the prime factors of 376349335?
5, 75269867
What are the prime factors of 47768915?
5, 43, 5167
List the prime factors of 680588389.
13, 52352953
List the prime factors of 2135272874.
2, 7, 5927, 25733
List the prime factors of 139897009.
7, 211, 1933
What are the prime factors of 140965921?
17, 19, 436427
What are the prime factors of 229580641?
23, 193, 51719
What are the prime factors of 111381052?
2, 27845263
List the prime factors of 7410249.
3, 7, 11, 17, 37
What are the prime factors of 2683196197?
11, 243926927
What are the prime factors of 4820722?
2, 2410361
What are the prime factors of 192362134?
2, 43, 2236769
What are the prime factors of 2188708738?
2, 15101, 72469
What are the prime factors of 419247368?
2, 2689, 19489
List the prime factors of 21599718.
2, 3, 7, 103, 4993
What are the prime factors of 2487446156?
2, 13, 4357, 10979
What are the prime factors of 2725266527?
23, 118489849
What are the prime factors of 36026539?
61, 590599
What are the prime factors of 34899621?
3, 37, 59, 73
What are the prime factors of 2192334362?
2, 179, 821, 7459
What are the prime factors of 1416035967?
3, 43, 107, 173, 593
What are the prime factors of 685083456?
2, 3, 19, 59, 1061
List the prime factors of 1148389815.
3, 5, 401, 190921
List the prime factors of 522020498.
2, 261010249
List the prime factors of 3279686712.
2, 3, 43, 1283, 2477
What are the prime factors of 167154507?
3, 13, 1428671
What are the prime factors of 2176768178?
2, 13, 163, 513631
List the prime factors of 85508171.
7, 1597, 7649
List the prime factors of 711039729.
3, 61, 619, 6277
What are the prime factors of 101743043?
19, 367, 14591
List the prime factors of 1232895894.
2, 3, 1259, 163211
What are the prime factors of 3134692280?
2, 5, 78367307
What are the prime factors of 27261694?
2, 19, 717413
List the prime factors of 26935326.
2, 3, 11, 83, 149
List the prime factors of 2003331064.
2, 7, 491, 72859
What are the prime factors of 3188294532?
2, 3, 88563737
What are the prime factors of 32601990?
2, 3, 5, 239, 4547
What are the prime factors of 1974802281?
3, 3571, 184337
What are the prime factors of 27396247?
89, 307823
What are the prime factors of 4993435862?
2, 37, 449, 150287
List the prime factors of 4015711105.
5, 7, 23, 811, 6151
List the prime factors of 211230489.
3, 2819, 24977
List the prime factors of 321386510.
2, 5, 32138651
What are the prime factors of 5640349?
11, 13, 39443
List the prime factors of 366944455.
5, 3167, 23173
List the prime factors of 41643404.
2, 11, 17, 55673
List the prime factors of 85028216.
2, 7, 13, 116797
List the prime factors of 4223979705.
3, 5, 11, 25599877
What are the prime factors of 9922241?
7, 1417463
List the prime factors of 3392214753.
3, 1130738251
List the prime factors of 902627730.
2, 3, 5, 1699, 5903
What are the prime factors of 1004610021?
3, 4621, 72467
What are the prime factors of 1395507008?
2, 7, 3114971
List the prime factors of 1173847733.
1173847733
What are the prime factors of 18934955?
5, 13, 31, 9397
List the prime factors of 5824905866.
2, 13, 224034841
What are the prime factors of 139374440?
2, 5, 3484361
What are the prime factors of 974394825?
3, 5, 12991931
List the prime factors of 509987959.
13, 71, 673, 821
What are the prime factors of 272760098?
2, 13, 167, 62819
What are the prime factors of 39199957?
4451, 8807
What are the prime factors of 64004761?
53, 433, 2789
What are the prime factors of 546965666?
2, 13, 41, 513101
What are the prime factors of 46279924?
2, 11569981
List the prime factors of 326855984.
2, 7, 13, 29, 7741
What are the prime factors of 2421369050?
2, 5, 1429, 33889
What are the prime factors of 46441903?
83, 559541
What are the prime factors of 5103929081?
5103929081
List the prime factors of 4023509941.
11, 311, 1176121
What are the prime factors of 27566451?
3, 11, 307, 907
List the prime factors of 1217557713.
3, 733, 553687
What are the prime factors of 367516451?
367516451
List the prime factors of 534380828.
2, 133595207
List the prime factors of 10030565.
5, 73, 27481
List the prime factors of 399100445.
5, 7951, 10039
What are the prime factors of 797597663?
797597663
List the prime factors of 6377676217.
11, 3067, 189041
List the prime factors of 6985133.
6985133
What are the prime factors of 343741513?
17, 1189417
What are the prime factors of 97860666?
2, 3, 16310111
What are the prime factors of 182604121?
7, 26086303
List the prime factors of 69655518.
2, 3, 59, 21863
List the prime factors of 4611330938.
2, 2305665469
List the prime factors of 14762045.
5, 31, 95239
List the prime factors of 348610773.
3, 7, 16600513
What are the prime factors of 3804316549?
11, 563, 614293
List the prime factors of 950877387.
3, 229, 51263
List the prime factors of 42935208.
2, 3, 67, 26701
What are the prime factors of 24405585?
3, 5, 233, 6983
What are the prime factors of 4063132325?
5, 7, 23217899
What are the prime factors of 86